
Let i(t) = -t**3 + 3*t - 4. Calculate i(2).
-6
Let q(k) = -k**3 + 9*k**2 + 4*k + 13. Determine q(9).
49
Let k(p) = p**2 + 8*p + 10. What is k(-8)?
10
Let x(j) = -2*j**2 + 9*j - 11. Calculate x(7).
-46
Let h(u) = u**2 - 13*u - 27. Give h(16).
21
Let x(s) = 2*s**2 + 18*s - 2. What is x(-6)?
-38
Let b(u) = -u**3 + 5*u**2 - 4*u - 1. What is b(4)?
-1
Let d(h) = -6*h**2 + h. What is d(1)?
-5
Let v(i) = -i**3 - 3*i**2 + 18*i + 12. What is v(-6)?
12
Let a(r) = 18*r + 29. Give a(-2).
-7
Let d(b) = b**2 + 22*b - 10. Calculate d(-23).
13
Let f(r) = -9*r + 5. Give f(1).
-4
Let y(h) = -h**3 - 6*h**2 + 11*h + 21. Calculate y(-7).
-7
Let y(o) = -5*o + 44. Determine y(10).
-6
Let i(q) = -3*q**2 + 23*q - 5. Give i(8).
-13
Let t(q) = -10*q + 113. Determine t(10).
13
Let l(n) = 2*n**2 - 7*n + 1. Give l(6).
31
Let y(s) = -s**3 - 3*s**2 + 8*s - 3. Determine y(-6).
57
Let z(d) = -2*d - 7. Determine z(11).
-29
Let b(a) = 2*a**2 + 8*a - 11. Determine b(-7).
31
Let d(l) = 8*l - 5. What is d(-3)?
-29
Let h(q) = -6*q + 106. Calculate h(20).
-14
Let f(j) = j**2 + 14*j + 10. Determine f(-10).
-30
Let w(u) = 2*u**2 - u + 1. Determine w(-2).
11
Let x(l) = l**3 - 6*l**2 + 5*l + 19. What is x(6)?
49
Let q(d) = -d**3 + 5*d**2 + 7*d. What is q(6)?
6
Let n(i) = -3*i + 8. Calculate n(0).
8
Let z(s) = -s**2 + 21*s - 87. Calculate z(16).
-7
Let b(r) = -13*r - 745. What is b(-57)?
-4
Let h(m) = m**3 + m**2 - m + 19. What is h(0)?
19
Let x(w) = -w**3 - 13*w**2 - 19*w + 46. Calculate x(-11).
13
Let h(t) = -t**2 - 20*t + 20. Give h(-21).
-1
Let z(r) = 37*r + 94. Give z(-3).
-17
Let p(z) = -3*z - 18. What is p(-12)?
18
Let f(m) = m**3 + 5*m**2 - 11*m - 24. Determine f(-2).
10
Let i(r) = -12*r. What is i(2)?
-24
Let u(x) = -x**3 - 6*x**2 - 17*x - 7. Determine u(-4).
29
Let u(f) = -f**2 + 6*f + 5. Determine u(9).
-22
Let j(c) = 9*c**2 - 22*c + 4. Determine j(2).
-4
Let z(l) = -l**3 - 33*l**2 + 2*l + 65. Give z(-33).
-1
Let s(p) = -p**3 - 8*p**2 + 8*p - 10. Calculate s(-9).
-1
Let c(a) = -4*a**2 + 3*a + 2. Determine c(-2).
-20
Let j(m) = m**3 - 6*m**2 + 2*m - 6. Calculate j(5).
-21
Let b(m) = m**2 - 3*m - 14. Calculate b(5).
-4
Let a(h) = h**3 + 7*h**2 + 11*h + 9. Determine a(-6).
-21
Let r(u) = u**3 - u**2 + u - 12. Determine r(0).
-12
Let k(a) = a**3 + 7*a**2 + 9*a - 6. Determine k(-5).
-1
Let y(v) = v - 7. What is y(0)?
-7
Let r(b) = 2*b**2 + 13*b + 28. Determine r(-3).
7
Let u(q) = -3*q - 5. What is u(-3)?
4
Let b(g) = -g**2 - 30*g + 198. What is b(-35)?
23
Let p(v) = 13*v**3 - v**2. Give p(-1).
-14
Let q(t) = 12*t. Calculate q(-5).
-60
Let w(g) = -g**3 + 32*g + 48. What is w(-5)?
13
Let s(d) = -d**3 + 6*d**2 + 2*d + 2. Give s(7).
-33
Let k(s) = -s**3 + 5*s**2 + 7*s - 8. What is k(6)?
-2
Let p(q) = 16*q - 10. What is p(2)?
22
Let p(w) = 11*w - 13. Determine p(8).
75
Let f(g) = -5*g - 120. Determine f(-33).
45
Let x(d) = -97*d**2 + 2*d - 2. Determine x(1).
-97
Let f(r) = -3*r**3 + r**2 + r + 2. What is f(3)?
-67
Let i(c) = c**3 - 2*c**2 + c. Determine i(1).
0
Let a(c) = c**3 + 2*c**2 + c - 4. What is a(-2)?
-6
Let s(u) = 2*u**3 - 9*u**2 + 25*u - 94. Calculate s(4).
-10
Let p(t) = -3*t**2 + 19*t - 21. Determine p(7).
-35
Let t(l) = l**2 + 18*l - 6. What is t(-18)?
-6
Let h(p) = 4*p**3 + 6*p**2 - 8*p - 9. What is h(-4)?
-137
Let x(s) = -3*s**2 - 43*s - 8. What is x(-14)?
6
Let k(f) = -f**3 + 11*f**2 - 32*f + 24. Calculate k(7).
-4
Let r(n) = -7*n - 2. Give r(3).
-23
Let o(j) = j**2 + 17*j + 1. Determine o(-16).
-15
Let f(y) = y**3 + y**2 + 5*y + 12. Calculate f(-3).
-21
Let v(c) = -12*c**3 - c - 2. Give v(-1).
11
Let u(b) = b**3 - 12*b**2 + 18*b - 21. Calculate u(11).
56
Let z(c) = -17*c - 2. Determine z(3).
-53
Let w(m) = m**3 + m**2 - 8*m. Give w(3).
12
Let a(j) = j**2 - 36*j + 61. Determine a(32).
-67
Let r(z) = -3*z**2 - 3*z - 1. Calculate r(-6).
-91
Let s(c) = -40*c - 249. Calculate s(-6).
-9
Let g(t) = t**3 + 2*t**2 + 2*t - 1. Calculate g(2).
19
Let l(a) = -a**2 + 5*a - 2. Calculate l(5).
-2
Let q(j) = 5*j**3 - 85*j**2 - j + 8. Determine q(17).
-9
Let l(o) = -4*o**2 + 3*o. Determine l(2).
-10
Let i(f) = f + 7. What is i(3)?
10
Let b(u) = u**3 + 16*u**2 - 38*u - 28. Calculate b(-18).
8
Let t(s) = -4*s**3 - s**2 - 2*s - 2. Determine t(-1).
3
Let b(j) = 6*j + 41. Give b(-7).
-1
Let z(g) = 2*g + 22. Calculate z(-16).
-10
Let c(f) = f**2 + 16*f - 107. Determine c(-19).
-50
Let r(x) = 2*x**2 - 3*x + 3. Calculate r(5).
38
Let i(z) = -23*z + 1. What is i(-1)?
24
Let l(k) = 3*k**3 + 5*k**2 + 11*k + 16. Determine l(-2).
-10
Let s(q) = -q**2 - 4*q + 6. Calculate s(-5).
1
Let p(g) = -g**2 + 8*g + 46. What is p(12)?
-2
Let j(s) = -5*s - 3. Give j(-7).
32
Let d(m) = m**3 + 3*m**2 - 2. Calculate d(2).
18
Let o(x) = x**3 - 6*x**2 + 9. What is o(4)?
-23
Let y(d) = -d**3 - 8*d**2 - 14*d + 13. What is y(-4)?
5
Let k(a) = a**3 + a**2 - 5*a - 4. Calculate k(-2).
2
Let m(j) = -j**3 - 21*j**2 + 23*j + 33. Determine m(-22).
11
Let t(n) = n**2 + 12*n - 119. Calculate t(-17).
-34
Let d(f) = f**3 - f**2 - 12*f + 5. What is d(-3)?
5
Let m(k) = k**3 - 5*k**2 + 3*k + 7. Calculate m(5).
22
Let h(g) = -g - 10. Determine h(-3).
-7
Let d(y) = -2*y**2 + 25*y - 10. What is d(12)?
2
Let o(m) = -m**3 + 15*m**2 + m - 9. Give o(15).
6
Let v(m) = m**3 + 6*m**2 + m - 1. Calculate v(-5).
19
Let y(k) = 2*k**3 + 49*k**2 - 26*k - 12. Calculate y(-25).
13
Let q(z) = z**2 - z. Determine q(2).
2
Let g(b) = -b**2 - 21*b - 6. Give g(-21).
-6
Let i(m) = m**3 - 11*m**2 + 22*m. Calculate i(3).
-6
Let z(k) = k**3 - 29*k**2 + 27*k + 28. Determine z(28).
0
Let r(b) = -b**3 + 8*b**2 - 8*b - 4. What is r(7)?
-11
Let q(s) = 3*s + 11. Calculate q(-10).
-19
Let c(m) = 3*m + 6. Calculate c(-6).
-12
Let k(a) = -a**3 - 5*a**2 + 3*a + 3. Give k(-5).
-12
Let i(q) = q**3 - q**2 + 2*q + 60. What is i(0)?
60
Let a(f) = -f**3 - 4*f**2 + 9*f + 26. Calculate a(-4).
-10
Let f(n) = 38*n**2 + 6*n + 11. Give f(-2).
151
Let b(z) = z - 18. Determine b(17).
-1
Let s(f) = -f**3 - 4*f**2 - 3*f + 1. Determine s(-3).
1
Let r(o) = o + 15. What is r(-11)?
4
Let t(i) = -i**3 + 5*i**2 - 3*i + 5. Determine t(6).
-49
Let f(i) = -i**2 - 13*i + 22. Determine f(-15).
-8
Let f(v) = -v**2 - 5*v. Calculate f(-4).
4
Let s(z) = 3*z - 11. Give s(7).
10
Let d(r) = -7*r**2 - 65*r + 56. What is d(-10)?
6
Let a(w) = -w**2 - 7*w - 9. Give a(-9).
-27
Let w(b) = -9*b + 142. Give w(15).
7
Let h(v) = -3*v + 7. Give h(0).
7
Let v(s) = 10*s - 41. Determine v(4).
-1
Let c(s) = -s**2 - 17*s - 30. Calculate c(-15).
0
Let a(i) = 2*i**2 + 16*i - 10. Give a(6).
158
Let d(h) = 2*h**3 + h**2 - 4*h - 1. Calculate d(2).
11
Let w(n) = -12*n - 430. Calculate w(-36).
2
Let c(a) = -53*a**2 + 2. Determine c(-1).
-51
Let a(l) = l**2 + 8*l + 7. Give a(-6).
-5
Let k(t) = -t + 1. Determine k(-3).
4
Let f(i) = 25*i**2 + 6*i - 7. Calculate f(2).
105
Let l(a) = -a**3 - 6*a**2 + a + 3. What is l(-5)?
-27
Let o(d) = -d**2 - 6*d - 28. Determine o(-6).
-28
Let x(m) = -m**3 + 15*m**2 + m - 29. Determine x(15).
-14
Let s(t) = -t**2 - 2*t + 8. Determine s(3).
-7
Let o(i) = -i**2 - 21*i - 58. Determine o(-18).
-4
Let g(k) = 3*k - 9. What is g(-3)?
-18
Let m(v) = 7*v**2 + 37*v - 37. Calculate m(1).
7
Let d(h) = 2*h**2 + 24*h - 216. What is d(6)?
0
Let h(q) = -q**3 + 8*q**2 - 4*q - 7. What is h(7)?
14
Let q(f) = -17*f**3 - 1. What is q(1)?
-18
Let z(u) = u - 3. Determine z(25).
22
Let w(f) = -51*f - 860. Give w(-17).
7
Let y(p) = p**2 + 5*p - 19. Give y(-6).
-13
Let h(a) = 2*a**3 + 14*a**2 + 9*a. Calculate h(-6).
18
Let o(l) = l**2 + l - 2. Calculate o(-2).
0
Let s(c) = -c**3 + 6*c**2 + 2*c - 3. What is s(6)?
9
Let c(x) = -2*x**3 + 36*x**2 - 41. Determine c(18).
-41
Let y(k) = k**2 - 7*k + 10. What is y(7)?
10
Let t(s) = -4*s**2 + 2*s + 2. What is t(-2)?
-18
Let r(w) = 41*w + 43. Calculate r(-1).
2
Let u(p) = p**2 - 9*p + 19. Calculate u(14).
89
Let x(u) = u**3 - 8*u**2 - 5*u - 10. Calculate x(9).
26
Let y(m) = -6*m + 29. Determine y(14).
-55
Let p(d) = -d**3 + 16*d**2 + d - 19. Determine p(16).
-3
Let f(n) = -n**3 - 7*n**2 + 9*n + 8. Calculate f(-6).
-82
Let f(x) = x**3 - 4*x - 3. Calculate f(-3).
-18
Let i(h) = -h**2 + 3*h + 20. Calculate i(5).
10
Let b(y) = y - 25. Determine b(31).
6
Let r(b) = -b**2 + 8*b - 9. What is r(6)?
3
Let z(q) = q**3 + 36*q**2 + 64*q - 141. Calculate z(-34).
-5
Let c(x) = -4*x + 34. Calc